{"id":2,"date":"2026-02-19T09:24:55","date_gmt":"2026-02-19T08:24:55","guid":{"rendered":"https:\/\/lou-anne.my-secu.link\/?page_id=2"},"modified":"2026-04-16T14:14:16","modified_gmt":"2026-04-16T12:14:16","slug":"lou-joaillerie","status":"publish","type":"page","link":"https:\/\/lou-anne.my-secu.link\/","title":{"rendered":""},"content":{"rendered":"\n<div class=\"wp-block-group alignfull is-content-justification-center\" style=\"margin-top:0;margin-bottom:0;padding-top:calc( 0.5 * var(--wp--style--root--padding-right, var(--wp--custom--gap--horizontal)));padding-right:var(--wp--style--root--padding-right, var(--wp--custom--gap--horizontal));padding-bottom:calc( 0.5 * var(--wp--style--root--padding-right, var(--wp--custom--gap--horizontal)));padding-left:var(--wp--style--root--padding-left, var(--wp--custom--gap--horizontal))\"><div class=\"wp-block-group__inner-container is-layout-constrained wp-container-core-group-is-layout-b073b61b wp-block-group-is-layout-constrained\">\n<div style=\"height:calc( 0.25 * var(--wp--style--root--padding-right, var(--wp--custom--gap--horizontal)))\" aria-hidden=\"true\" class=\"wp-block-spacer\"><\/div>\n\n\n\n<div class=\"wp-block-columns alignwide is-layout-flex wp-container-core-columns-is-layout-fb320e7c wp-block-columns-is-layout-flex\" style=\"margin-top:0px;margin-bottom:0px;padding-top:0;padding-right:0;padding-bottom:0;padding-left:0\">\n<div class=\"wp-block-column is-layout-flow wp-block-column-is-layout-flow\">\n<div class=\"wp-block-cover is-light has-custom-content-position is-position-bottom-center has-white-color\" style=\"padding-bottom:56px\"><img loading=\"lazy\" decoding=\"async\" width=\"600\" height=\"900\" class=\"wp-block-cover__image-background wp-image-43 size-full\" alt=\"\" src=\"https:\/\/lou-anne.my-secu.link\/wp-content\/uploads\/2026\/04\/DSC_0659-copie.webp\" data-object-fit=\"cover\" srcset=\"https:\/\/lou-anne.my-secu.link\/wp-content\/uploads\/2026\/04\/DSC_0659-copie.webp 600w, https:\/\/lou-anne.my-secu.link\/wp-content\/uploads\/2026\/04\/DSC_0659-copie-200x300.webp 200w\" sizes=\"auto, (max-width: 600px) 100vw, 600px\" \/><span aria-hidden=\"true\" class=\"wp-block-cover__background has-background-dim-30 has-background-dim\" style=\"background-color:#fee7eb\"><\/span><div class=\"wp-block-cover__inner-container is-layout-flow wp-block-cover-is-layout-flow\">\n<h4 class=\"wp-block-heading has-text-align-center\" style=\"margin-bottom:24px\">Bracelets<\/h4>\n\n\n\n<p class=\"has-text-align-center has-link-color wp-elements-6c39a198ec5972f4a1823cf256f6e723\" style=\"margin-top:0;margin-bottom:0;padding-top:0;padding-bottom:0\"><br><a data-type=\"link\" data-id=\"https:\/\/lou-anne.my-secu.link\/index.php\/boutique\/\" href=\"https:\/\/lou-anne.my-secu.link\/index.php\/boutique\/\">Acheter maintenant<\/a><br>\t\t\t\t\t<\/p>\n<\/div><\/div>\n<\/div>\n\n\n\n<div class=\"wp-block-column is-layout-flow wp-block-column-is-layout-flow\">\n<div class=\"wp-block-cover is-light has-custom-content-position is-position-bottom-center has-white-color\" style=\"padding-bottom:56px\"><img loading=\"lazy\" decoding=\"async\" width=\"600\" height=\"900\" class=\"wp-block-cover__image-background wp-image-35 size-full\" alt=\"\" src=\"https:\/\/lou-anne.my-secu.link\/wp-content\/uploads\/2026\/04\/DSC_0539-copie.webp\" data-object-fit=\"cover\" srcset=\"https:\/\/lou-anne.my-secu.link\/wp-content\/uploads\/2026\/04\/DSC_0539-copie.webp 600w, https:\/\/lou-anne.my-secu.link\/wp-content\/uploads\/2026\/04\/DSC_0539-copie-200x300.webp 200w\" sizes=\"auto, (max-width: 600px) 100vw, 600px\" \/><span aria-hidden=\"true\" class=\"wp-block-cover__background has-background-dim-30 has-background-dim\" style=\"background-color:#fee2e7\"><\/span><div class=\"wp-block-cover__inner-container is-layout-flow wp-block-cover-is-layout-flow\">\n<h4 class=\"wp-block-heading has-text-align-center\" style=\"margin-bottom:24px\">Colliers<\/h4>\n\n\n\n<p class=\"has-text-align-center has-link-color wp-elements-6c39a198ec5972f4a1823cf256f6e723\" style=\"margin-top:0;margin-bottom:0;padding-top:0;padding-bottom:0\"><br><a data-type=\"link\" data-id=\"https:\/\/lou-anne.my-secu.link\/index.php\/boutique\/\" href=\"https:\/\/lou-anne.my-secu.link\/index.php\/boutique\/\">Acheter maintenant<\/a><br>\t\t\t\t\t<\/p>\n<\/div><\/div>\n<\/div>\n\n\n\n<div class=\"wp-block-column is-layout-flow wp-block-column-is-layout-flow\">\n<div class=\"wp-block-cover is-light has-custom-content-position is-position-bottom-center has-white-color\" style=\"padding-bottom:56px\"><img loading=\"lazy\" decoding=\"async\" width=\"600\" height=\"900\" class=\"wp-block-cover__image-background wp-image-33 size-full\" alt=\"\" src=\"https:\/\/lou-anne.my-secu.link\/wp-content\/uploads\/2026\/04\/Sans-titre-2_3-copie.webp\" data-object-fit=\"cover\" srcset=\"https:\/\/lou-anne.my-secu.link\/wp-content\/uploads\/2026\/04\/Sans-titre-2_3-copie.webp 600w, https:\/\/lou-anne.my-secu.link\/wp-content\/uploads\/2026\/04\/Sans-titre-2_3-copie-200x300.webp 200w\" sizes=\"auto, (max-width: 600px) 100vw, 600px\" \/><span aria-hidden=\"true\" class=\"wp-block-cover__background has-background-dim-30 has-background-dim\" style=\"background-color:#fde5e7\"><\/span><div class=\"wp-block-cover__inner-container is-layout-flow wp-block-cover-is-layout-flow\">\n<h4 class=\"wp-block-heading has-text-align-center\" style=\"margin-bottom:24px\">Bagues<\/h4>\n\n\n\n<p class=\"has-text-align-center has-link-color wp-elements-d8e20d848ac3b9888995d7f221f0d717\" style=\"margin-top:0;margin-bottom:0;padding-top:0;padding-bottom:0\"><br>\t<a data-type=\"link\" data-id=\"https:\/\/lou-anne.my-secu.link\/index.php\/boutique\/\" href=\"https:\/\/lou-anne.my-secu.link\/index.php\/boutique\/\">Acheter maintenant<\/a><br>\t\t\t\t\t<\/p>\n<\/div><\/div>\n<\/div>\n<\/div>\n\n\n\n<div style=\"height:calc( 0.25 * var(--wp--style--root--padding-right, var(--wp--custom--gap--horizontal)))\" aria-hidden=\"true\" class=\"wp-block-spacer\"><\/div>\n<\/div><\/div>\n\n\n\n<figure class=\"wp-block-gallery has-nested-images columns-default is-cropped wp-block-gallery-1 is-layout-flex wp-block-gallery-is-layout-flex\">\n<figure class=\"wp-block-image size-large\"><img loading=\"lazy\" decoding=\"async\" width=\"735\" height=\"855\" data-id=\"54\" src=\"https:\/\/lou-anne.my-secu.link\/wp-content\/uploads\/2026\/04\/467a7bcd1f4b180116baa1c9efee3896.jpg\" alt=\"\" class=\"wp-image-54\" srcset=\"https:\/\/lou-anne.my-secu.link\/wp-content\/uploads\/2026\/04\/467a7bcd1f4b180116baa1c9efee3896.jpg 735w, https:\/\/lou-anne.my-secu.link\/wp-content\/uploads\/2026\/04\/467a7bcd1f4b180116baa1c9efee3896-600x698.jpg 600w, https:\/\/lou-anne.my-secu.link\/wp-content\/uploads\/2026\/04\/467a7bcd1f4b180116baa1c9efee3896-258x300.jpg 258w\" sizes=\"auto, (max-width: 735px) 100vw, 735px\" \/><\/figure>\n\n\n\n<figure class=\"wp-block-image size-large\"><img loading=\"lazy\" decoding=\"async\" width=\"768\" height=\"1024\" data-id=\"56\" src=\"https:\/\/lou-anne.my-secu.link\/wp-content\/uploads\/2026\/04\/6148ade5eb71732377c8adac78b5650f-768x1024.jpg\" alt=\"\" class=\"wp-image-56\" srcset=\"https:\/\/lou-anne.my-secu.link\/wp-content\/uploads\/2026\/04\/6148ade5eb71732377c8adac78b5650f-768x1024.jpg 768w, https:\/\/lou-anne.my-secu.link\/wp-content\/uploads\/2026\/04\/6148ade5eb71732377c8adac78b5650f-600x800.jpg 600w, https:\/\/lou-anne.my-secu.link\/wp-content\/uploads\/2026\/04\/6148ade5eb71732377c8adac78b5650f-225x300.jpg 225w, https:\/\/lou-anne.my-secu.link\/wp-content\/uploads\/2026\/04\/6148ade5eb71732377c8adac78b5650f-1152x1536.jpg 1152w, https:\/\/lou-anne.my-secu.link\/wp-content\/uploads\/2026\/04\/6148ade5eb71732377c8adac78b5650f.jpg 1200w\" sizes=\"auto, (max-width: 768px) 100vw, 768px\" \/><\/figure>\n\n\n\n<figure class=\"wp-block-image size-large\"><img loading=\"lazy\" decoding=\"async\" width=\"736\" height=\"918\" data-id=\"53\" src=\"https:\/\/lou-anne.my-secu.link\/wp-content\/uploads\/2026\/04\/94b08ee5fa27ba4acdc37d5b8b5df91f.jpg\" alt=\"\" class=\"wp-image-53\" srcset=\"https:\/\/lou-anne.my-secu.link\/wp-content\/uploads\/2026\/04\/94b08ee5fa27ba4acdc37d5b8b5df91f.jpg 736w, https:\/\/lou-anne.my-secu.link\/wp-content\/uploads\/2026\/04\/94b08ee5fa27ba4acdc37d5b8b5df91f-600x748.jpg 600w, https:\/\/lou-anne.my-secu.link\/wp-content\/uploads\/2026\/04\/94b08ee5fa27ba4acdc37d5b8b5df91f-241x300.jpg 241w\" sizes=\"auto, (max-width: 736px) 100vw, 736px\" \/><\/figure>\n<\/figure>\n\n\n\n<p><em>L\u2019\u00e9l\u00e9gance qui vous ressemble.<\/em><\/p>\n\n\n\n<p>D\u00e9couvrez des bijoux uniques, pens\u00e9s pour sublimer chaque instant de votre vie. Chez Lou Joaillerie, chaque cr\u00e9ation raconte une histoire : la v\u00f4tre.<\/p>\n\n\n\n<hr class=\"wp-block-separator has-alpha-channel-opacity\"\/>\n\n\n\n<div class=\"wp-block-media-text is-stacked-on-mobile\"><figure class=\"wp-block-media-text__media\"><img loading=\"lazy\" decoding=\"async\" width=\"600\" height=\"903\" src=\"https:\/\/lou-anne.my-secu.link\/wp-content\/uploads\/2026\/04\/Sans-titre-23-copie.webp\" alt=\"\" class=\"wp-image-37 size-full\" srcset=\"https:\/\/lou-anne.my-secu.link\/wp-content\/uploads\/2026\/04\/Sans-titre-23-copie.webp 600w, https:\/\/lou-anne.my-secu.link\/wp-content\/uploads\/2026\/04\/Sans-titre-23-copie-199x300.webp 199w\" sizes=\"auto, (max-width: 600px) 100vw, 600px\" \/><\/figure><div class=\"wp-block-media-text__content\">\n<p>Chez <strong>Lou Joaillerie<\/strong>, nous croyons que chaque bijou est bien plus qu\u2019un simple accessoire.<br>C\u2019est une \u00e9motion, un souvenir, une signature.<\/p>\n\n\n\n<p>Nos cr\u00e9ations sont imagin\u00e9es avec passion pour allier <strong>raffinement, modernit\u00e9 et d\u00e9licatesse<\/strong>. Que vous cherchiez un bijou discret pour le quotidien ou une pi\u00e8ce forte pour une occasion sp\u00e9ciale, vous trouverez celui qui vous correspond.<\/p>\n<\/div><\/div>\n\n\n\n<hr class=\"wp-block-separator has-alpha-channel-opacity\"\/>\n\n\n\n<h3 class=\"wp-block-heading\"> Nos engagements<\/h3>\n\n\n\n<ul class=\"wp-block-list\">\n<li> Des designs \u00e9l\u00e9gants et intemporels<\/li>\n\n\n\n<li> Une s\u00e9lection de mat\u00e9riaux de qualit\u00e9<\/li>\n\n\n\n<li> Des bijoux pens\u00e9s pour durer<\/li>\n\n\n\n<li> Une d\u00e9marche attentive et responsable<\/li>\n<\/ul>\n\n\n\n<hr class=\"wp-block-separator has-alpha-channel-opacity\"\/>\n\n\n\n<h3 class=\"wp-block-heading\"> Nos collections<\/h3>\n\n\n\n<p>Explorez nos diff\u00e9rentes collections et laissez-vous s\u00e9duire par des bijoux qui illuminent votre style :<\/p>\n\n\n\n<ul class=\"wp-block-list\">\n<li>Colliers d\u00e9licats<\/li>\n\n\n\n<li>Bracelets \u00e9l\u00e9gants<\/li>\n\n\n\n<li>Bagues raffin\u00e9es<\/li>\n\n\n\n<li>Boucles d\u2019oreilles tendance<\/li>\n<\/ul>\n\n\n\n<div class=\"wp-block-buttons is-layout-flex wp-block-buttons-is-layout-flex\">\n<div class=\"wp-block-button\"><a class=\"wp-block-button__link wp-element-button\" href=\"https:\/\/lou-anne.my-secu.link\/index.php\/boutique\/\"><em>Voir toutes les collections<\/em><\/a><\/div>\n<\/div>\n\n\n\n<hr class=\"wp-block-separator has-alpha-channel-opacity\"\/>\n\n\n\n<h3 class=\"wp-block-heading\"> Le bijou parfait pour chaque moment<\/h3>\n\n\n\n<p>Un cadeau, une c\u00e9l\u00e9bration, ou simplement une envie de se faire plaisir\u2026<br><strong>Lou Joaillerie<\/strong> vous accompagne dans tous les moments importants de votre vie.<\/p>\n\n\n\n<p>Parce que vous m\u00e9ritez de briller, chaque jour.<\/p>\n\n\n\n<hr class=\"wp-block-separator has-alpha-channel-opacity\"\/>\n\n\n\n<h3 class=\"wp-block-heading\"> Rejoignez l\u2019univers Lou Joaillerie<\/h3>\n\n\n\n<p>Inscrivez-vous \u00e0 notre newsletter pour d\u00e9couvrir en avant-premi\u00e8re nos nouveaut\u00e9s, offres exclusives et inspirations.<\/p>\n\n\n\n<div class=\"wp-block-buttons is-layout-flex wp-block-buttons-is-layout-flex\">\n<div class=\"wp-block-button\"><a class=\"wp-block-button__link wp-element-button\">J<em>e m\u2019inscris<\/em><\/a><\/div>\n<\/div>\n\n\n\n<hr class=\"wp-block-separator has-alpha-channel-opacity\"\/>\n\n\n\n<h3 class=\"wp-block-heading\"> Suivez-nous<\/h3>\n\n\n\n<p>Retrouvez-nous sur les r\u00e9seaux sociaux et plongez dans l\u2019univers <strong>Lou Joaillerie<\/strong>.<\/p>\n\n\n\n<ul class=\"wp-block-social-links is-layout-flex wp-block-social-links-is-layout-flex\"><li class=\"wp-social-link wp-social-link-instagram  wp-block-social-link\"><a href=\"https:\/\/lou-anne.my-secu.link\/\" class=\"wp-block-social-link-anchor\"><svg width=\"24\" height=\"24\" viewBox=\"0 0 24 24\" version=\"1.1\" xmlns=\"http:\/\/www.w3.org\/2000\/svg\" aria-hidden=\"true\" focusable=\"false\"><path d=\"M12,4.622c2.403,0,2.688,0.009,3.637,0.052c0.877,0.04,1.354,0.187,1.671,0.31c0.42,0.163,0.72,0.358,1.035,0.673 c0.315,0.315,0.51,0.615,0.673,1.035c0.123,0.317,0.27,0.794,0.31,1.671c0.043,0.949,0.052,1.234,0.052,3.637 s-0.009,2.688-0.052,3.637c-0.04,0.877-0.187,1.354-0.31,1.671c-0.163,0.42-0.358,0.72-0.673,1.035 c-0.315,0.315-0.615,0.51-1.035,0.673c-0.317,0.123-0.794,0.27-1.671,0.31c-0.949,0.043-1.233,0.052-3.637,0.052 s-2.688-0.009-3.637-0.052c-0.877-0.04-1.354-0.187-1.671-0.31c-0.42-0.163-0.72-0.358-1.035-0.673 c-0.315-0.315-0.51-0.615-0.673-1.035c-0.123-0.317-0.27-0.794-0.31-1.671C4.631,14.688,4.622,14.403,4.622,12 s0.009-2.688,0.052-3.637c0.04-0.877,0.187-1.354,0.31-1.671c0.163-0.42,0.358-0.72,0.673-1.035 c0.315-0.315,0.615-0.51,1.035-0.673c0.317-0.123,0.794-0.27,1.671-0.31C9.312,4.631,9.597,4.622,12,4.622 M12,3 C9.556,3,9.249,3.01,8.289,3.054C7.331,3.098,6.677,3.25,6.105,3.472C5.513,3.702,5.011,4.01,4.511,4.511 c-0.5,0.5-0.808,1.002-1.038,1.594C3.25,6.677,3.098,7.331,3.054,8.289C3.01,9.249,3,9.556,3,12c0,2.444,0.01,2.751,0.054,3.711 c0.044,0.958,0.196,1.612,0.418,2.185c0.23,0.592,0.538,1.094,1.038,1.594c0.5,0.5,1.002,0.808,1.594,1.038 c0.572,0.222,1.227,0.375,2.185,0.418C9.249,20.99,9.556,21,12,21s2.751-0.01,3.711-0.054c0.958-0.044,1.612-0.196,2.185-0.418 c0.592-0.23,1.094-0.538,1.594-1.038c0.5-0.5,0.808-1.002,1.038-1.594c0.222-0.572,0.375-1.227,0.418-2.185 C20.99,14.751,21,14.444,21,12s-0.01-2.751-0.054-3.711c-0.044-0.958-0.196-1.612-0.418-2.185c-0.23-0.592-0.538-1.094-1.038-1.594 c-0.5-0.5-1.002-0.808-1.594-1.038c-0.572-0.222-1.227-0.375-2.185-0.418C14.751,3.01,14.444,3,12,3L12,3z M12,7.378 c-2.552,0-4.622,2.069-4.622,4.622S9.448,16.622,12,16.622s4.622-2.069,4.622-4.622S14.552,7.378,12,7.378z M12,15 c-1.657,0-3-1.343-3-3s1.343-3,3-3s3,1.343,3,3S13.657,15,12,15z M16.804,6.116c-0.596,0-1.08,0.484-1.08,1.08 s0.484,1.08,1.08,1.08c0.596,0,1.08-0.484,1.08-1.08S17.401,6.116,16.804,6.116z\"><\/path><\/svg><span class=\"wp-block-social-link-label screen-reader-text\">Instagram<\/span><\/a><\/li>\n\n<li class=\"wp-social-link wp-social-link-tiktok  wp-block-social-link\"><a href=\"https:\/\/lou-anne.my-secu.link\/\" class=\"wp-block-social-link-anchor\"><svg width=\"24\" height=\"24\" viewBox=\"0 0 32 32\" version=\"1.1\" xmlns=\"http:\/\/www.w3.org\/2000\/svg\" aria-hidden=\"true\" focusable=\"false\"><path d=\"M16.708 0.027c1.745-0.027 3.48-0.011 5.213-0.027 0.105 2.041 0.839 4.12 2.333 5.563 1.491 1.479 3.6 2.156 5.652 2.385v5.369c-1.923-0.063-3.855-0.463-5.6-1.291-0.76-0.344-1.468-0.787-2.161-1.24-0.009 3.896 0.016 7.787-0.025 11.667-0.104 1.864-0.719 3.719-1.803 5.255-1.744 2.557-4.771 4.224-7.88 4.276-1.907 0.109-3.812-0.411-5.437-1.369-2.693-1.588-4.588-4.495-4.864-7.615-0.032-0.667-0.043-1.333-0.016-1.984 0.24-2.537 1.495-4.964 3.443-6.615 2.208-1.923 5.301-2.839 8.197-2.297 0.027 1.975-0.052 3.948-0.052 5.923-1.323-0.428-2.869-0.308-4.025 0.495-0.844 0.547-1.485 1.385-1.819 2.333-0.276 0.676-0.197 1.427-0.181 2.145 0.317 2.188 2.421 4.027 4.667 3.828 1.489-0.016 2.916-0.88 3.692-2.145 0.251-0.443 0.532-0.896 0.547-1.417 0.131-2.385 0.079-4.76 0.095-7.145 0.011-5.375-0.016-10.735 0.025-16.093z\" \/><\/svg><span class=\"wp-block-social-link-label screen-reader-text\">TikTok<\/span><\/a><\/li>\n\n<li class=\"wp-social-link wp-social-link-snapchat  wp-block-social-link\"><a href=\"https:\/\/lou-anne.my-secu.link\/\" class=\"wp-block-social-link-anchor\"><svg width=\"24\" height=\"24\" viewBox=\"0 0 24 24\" version=\"1.1\" xmlns=\"http:\/\/www.w3.org\/2000\/svg\" aria-hidden=\"true\" focusable=\"false\"><path d=\"M12.065,2a5.526,5.526,0,0,1,3.132.892A5.854,5.854,0,0,1,17.326,5.4a5.821,5.821,0,0,1,.351,2.33q0,.612-.117,2.487a.809.809,0,0,0,.365.091,1.93,1.93,0,0,0,.664-.176,1.93,1.93,0,0,1,.664-.176,1.3,1.3,0,0,1,.729.234.7.7,0,0,1,.351.6.839.839,0,0,1-.41.7,2.732,2.732,0,0,1-.9.41,3.192,3.192,0,0,0-.9.378.728.728,0,0,0-.41.618,1.575,1.575,0,0,0,.156.56,6.9,6.9,0,0,0,1.334,1.953,5.6,5.6,0,0,0,1.881,1.315,5.875,5.875,0,0,0,1.042.3.42.42,0,0,1,.365.456q0,.911-2.852,1.341a1.379,1.379,0,0,0-.143.507,1.8,1.8,0,0,1-.182.605.451.451,0,0,1-.429.241,5.878,5.878,0,0,1-.807-.085,5.917,5.917,0,0,0-.833-.085,4.217,4.217,0,0,0-.807.065,2.42,2.42,0,0,0-.82.293,6.682,6.682,0,0,0-.755.5q-.351.267-.755.527a3.886,3.886,0,0,1-.989.436A4.471,4.471,0,0,1,11.831,22a4.307,4.307,0,0,1-1.256-.176,3.784,3.784,0,0,1-.976-.436q-.4-.26-.749-.527a6.682,6.682,0,0,0-.755-.5,2.422,2.422,0,0,0-.807-.293,4.432,4.432,0,0,0-.82-.065,5.089,5.089,0,0,0-.853.1,5,5,0,0,1-.762.1.474.474,0,0,1-.456-.241,1.819,1.819,0,0,1-.182-.618,1.411,1.411,0,0,0-.143-.521q-2.852-.429-2.852-1.341a.42.42,0,0,1,.365-.456,5.793,5.793,0,0,0,1.042-.3,5.524,5.524,0,0,0,1.881-1.315,6.789,6.789,0,0,0,1.334-1.953A1.575,1.575,0,0,0,6,12.9a.728.728,0,0,0-.41-.618,3.323,3.323,0,0,0-.9-.384,2.912,2.912,0,0,1-.9-.41.814.814,0,0,1-.41-.684.71.71,0,0,1,.338-.593,1.208,1.208,0,0,1,.716-.241,1.976,1.976,0,0,1,.625.169,2.008,2.008,0,0,0,.69.169.919.919,0,0,0,.416-.091q-.117-1.849-.117-2.474A5.861,5.861,0,0,1,6.385,5.4,5.516,5.516,0,0,1,8.625,2.819,7.075,7.075,0,0,1,12.062,2Z\"><\/path><\/svg><span class=\"wp-block-social-link-label screen-reader-text\">Snapchat<\/span><\/a><\/li>\n\n<li class=\"wp-social-link wp-social-link-facebook  wp-block-social-link\"><a href=\"https:\/\/lou-anne.my-secu.link\/\" class=\"wp-block-social-link-anchor\"><svg width=\"24\" height=\"24\" viewBox=\"0 0 24 24\" version=\"1.1\" xmlns=\"http:\/\/www.w3.org\/2000\/svg\" aria-hidden=\"true\" focusable=\"false\"><path d=\"M12 2C6.5 2 2 6.5 2 12c0 5 3.7 9.1 8.4 9.9v-7H7.9V12h2.5V9.8c0-2.5 1.5-3.9 3.8-3.9 1.1 0 2.2.2 2.2.2v2.5h-1.3c-1.2 0-1.6.8-1.6 1.6V12h2.8l-.4 2.9h-2.3v7C18.3 21.1 22 17 22 12c0-5.5-4.5-10-10-10z\"><\/path><\/svg><span class=\"wp-block-social-link-label screen-reader-text\">Facebook<\/span><\/a><\/li><\/ul>\n\n\n\n<hr class=\"wp-block-separator has-alpha-channel-opacity\"\/>\n\n\n\n<iframe src=\"https:\/\/www.google.com\/maps\/embed?pb=!1m18!1m12!1m3!1d2639.472430462534!2d7.755295740258807!3d48.581652488753036!2m3!1f0!2f0!3f0!3m2!1i1024!2i768!4f13.1!3m3!1m2!1s0x4796c94581aadbcd%3A0x1def151a88cf9fac!2sL&#39;Atelier%20d&#39;Amaya!5e0!3m2!1sfr!2sfr!4v1776332673815!5m2!1sfr!2sfr\" width=\"600\" height=\"450\" style=\"border:0;\" allowfullscreen=\"\" loading=\"lazy\" referrerpolicy=\"no-referrer-when-downgrade\"><\/iframe>\n\n\n\n<p><audio autoplay=\"\"><\/audio><\/p>\n","protected":false},"excerpt":{"rendered":"<p>L\u2019\u00e9l\u00e9gance qui vous ressemble. D\u00e9couvrez des bijoux uniques, pens\u00e9s pour sublimer chaque instant de votre vie. Chez Lou Joaillerie, chaque cr\u00e9ation raconte une histoire : la v\u00f4tre. Chez Lou Joaillerie, nous croyons que chaque bijou est bien plus qu\u2019un simple accessoire.C\u2019est une \u00e9motion, un souvenir, une signature. Nos cr\u00e9ations sont imagin\u00e9es avec passion pour allier [&hellip;]<\/p>\n","protected":false},"author":1,"featured_media":0,"parent":0,"menu_order":0,"comment_status":"closed","ping_status":"closed","template":"","meta":{"footnotes":""},"class_list":["post-2","page","type-page","status-publish","hentry"],"yoast_head":"<!-- This site is optimized with the Yoast SEO plugin v27.0 - https:\/\/yoast.com\/product\/yoast-seo-wordpress\/ -->\n<title>-<\/title>\n<meta name=\"description\" content=\"Bienvenue sur le blog de Lou : je partage ma vie, mes sorties, mes id\u00e9es de restaurants \u00e0 Strasbourg et mes coups de c\u0153ur lifestyle. \u2728\" \/>\n<meta name=\"robots\" content=\"index, follow, max-snippet:-1, max-image-preview:large, max-video-preview:-1\" \/>\n<link rel=\"canonical\" href=\"https:\/\/lou-anne.my-secu.link\/\" \/>\n<meta property=\"og:locale\" content=\"fr_FR\" \/>\n<meta property=\"og:type\" content=\"article\" \/>\n<meta property=\"og:title\" content=\"-\" \/>\n<meta property=\"og:description\" content=\"Bienvenue sur le blog de Lou : je partage ma vie, mes sorties, mes id\u00e9es de restaurants \u00e0 Strasbourg et mes coups de c\u0153ur lifestyle. \u2728\" \/>\n<meta property=\"og:url\" content=\"https:\/\/lou-anne.my-secu.link\/\" \/>\n<meta property=\"article:modified_time\" content=\"2026-04-16T12:14:16+00:00\" \/>\n<meta property=\"og:image\" content=\"https:\/\/lou-anne.my-secu.link\/wp-content\/uploads\/2026\/04\/DSC_0659-copie.webp\" \/>\n\t<meta property=\"og:image:width\" content=\"600\" \/>\n\t<meta property=\"og:image:height\" content=\"900\" \/>\n\t<meta property=\"og:image:type\" content=\"image\/webp\" \/>\n<meta name=\"twitter:card\" content=\"summary_large_image\" \/>\n<meta name=\"twitter:label1\" content=\"Dur\u00e9e de lecture estim\u00e9e\" \/>\n\t<meta name=\"twitter:data1\" content=\"3 minutes\" \/>\n<script type=\"application\/ld+json\" class=\"yoast-schema-graph\">{\"@context\":\"https:\/\/schema.org\",\"@graph\":[{\"@type\":\"WebPage\",\"@id\":\"https:\/\/lou-anne.my-secu.link\/\",\"url\":\"https:\/\/lou-anne.my-secu.link\/\",\"name\":\"-\",\"isPartOf\":{\"@id\":\"https:\/\/lou-anne.my-secu.link\/#website\"},\"primaryImageOfPage\":{\"@id\":\"https:\/\/lou-anne.my-secu.link\/#primaryimage\"},\"image\":{\"@id\":\"https:\/\/lou-anne.my-secu.link\/#primaryimage\"},\"thumbnailUrl\":\"https:\/\/lou-anne.my-secu.link\/wp-content\/uploads\/2026\/04\/DSC_0659-copie.webp\",\"datePublished\":\"2026-02-19T08:24:55+00:00\",\"dateModified\":\"2026-04-16T12:14:16+00:00\",\"description\":\"Bienvenue sur le blog de Lou : je partage ma vie, mes sorties, mes id\u00e9es de restaurants \u00e0 Strasbourg et mes coups de c\u0153ur lifestyle. \u2728\",\"inLanguage\":\"fr-FR\",\"potentialAction\":[{\"@type\":\"ReadAction\",\"target\":[\"https:\/\/lou-anne.my-secu.link\/\"]}]},{\"@type\":\"ImageObject\",\"inLanguage\":\"fr-FR\",\"@id\":\"https:\/\/lou-anne.my-secu.link\/#primaryimage\",\"url\":\"https:\/\/lou-anne.my-secu.link\/wp-content\/uploads\/2026\/04\/DSC_0659-copie.webp\",\"contentUrl\":\"https:\/\/lou-anne.my-secu.link\/wp-content\/uploads\/2026\/04\/DSC_0659-copie.webp\",\"width\":600,\"height\":900},{\"@type\":\"WebSite\",\"@id\":\"https:\/\/lou-anne.my-secu.link\/#website\",\"url\":\"https:\/\/lou-anne.my-secu.link\/\",\"name\":\"\",\"description\":\"L\u2019\u00e9l\u00e9gance qui vous ressemble.\",\"potentialAction\":[{\"@type\":\"SearchAction\",\"target\":{\"@type\":\"EntryPoint\",\"urlTemplate\":\"https:\/\/lou-anne.my-secu.link\/?s={search_term_string}\"},\"query-input\":{\"@type\":\"PropertyValueSpecification\",\"valueRequired\":true,\"valueName\":\"search_term_string\"}}],\"inLanguage\":\"fr-FR\"}]}<\/script>\n<!-- \/ Yoast SEO plugin. -->","yoast_head_json":{"title":"-","description":"Bienvenue sur le blog de Lou : je partage ma vie, mes sorties, mes id\u00e9es de restaurants \u00e0 Strasbourg et mes coups de c\u0153ur lifestyle. \u2728","robots":{"index":"index","follow":"follow","max-snippet":"max-snippet:-1","max-image-preview":"max-image-preview:large","max-video-preview":"max-video-preview:-1"},"canonical":"https:\/\/lou-anne.my-secu.link\/","og_locale":"fr_FR","og_type":"article","og_title":"-","og_description":"Bienvenue sur le blog de Lou : je partage ma vie, mes sorties, mes id\u00e9es de restaurants \u00e0 Strasbourg et mes coups de c\u0153ur lifestyle. \u2728","og_url":"https:\/\/lou-anne.my-secu.link\/","article_modified_time":"2026-04-16T12:14:16+00:00","og_image":[{"width":600,"height":900,"url":"https:\/\/lou-anne.my-secu.link\/wp-content\/uploads\/2026\/04\/DSC_0659-copie.webp","type":"image\/webp"}],"twitter_card":"summary_large_image","twitter_misc":{"Dur\u00e9e de lecture estim\u00e9e":"3 minutes"},"schema":{"@context":"https:\/\/schema.org","@graph":[{"@type":"WebPage","@id":"https:\/\/lou-anne.my-secu.link\/","url":"https:\/\/lou-anne.my-secu.link\/","name":"-","isPartOf":{"@id":"https:\/\/lou-anne.my-secu.link\/#website"},"primaryImageOfPage":{"@id":"https:\/\/lou-anne.my-secu.link\/#primaryimage"},"image":{"@id":"https:\/\/lou-anne.my-secu.link\/#primaryimage"},"thumbnailUrl":"https:\/\/lou-anne.my-secu.link\/wp-content\/uploads\/2026\/04\/DSC_0659-copie.webp","datePublished":"2026-02-19T08:24:55+00:00","dateModified":"2026-04-16T12:14:16+00:00","description":"Bienvenue sur le blog de Lou : je partage ma vie, mes sorties, mes id\u00e9es de restaurants \u00e0 Strasbourg et mes coups de c\u0153ur lifestyle. \u2728","inLanguage":"fr-FR","potentialAction":[{"@type":"ReadAction","target":["https:\/\/lou-anne.my-secu.link\/"]}]},{"@type":"ImageObject","inLanguage":"fr-FR","@id":"https:\/\/lou-anne.my-secu.link\/#primaryimage","url":"https:\/\/lou-anne.my-secu.link\/wp-content\/uploads\/2026\/04\/DSC_0659-copie.webp","contentUrl":"https:\/\/lou-anne.my-secu.link\/wp-content\/uploads\/2026\/04\/DSC_0659-copie.webp","width":600,"height":900},{"@type":"WebSite","@id":"https:\/\/lou-anne.my-secu.link\/#website","url":"https:\/\/lou-anne.my-secu.link\/","name":"","description":"L\u2019\u00e9l\u00e9gance qui vous ressemble.","potentialAction":[{"@type":"SearchAction","target":{"@type":"EntryPoint","urlTemplate":"https:\/\/lou-anne.my-secu.link\/?s={search_term_string}"},"query-input":{"@type":"PropertyValueSpecification","valueRequired":true,"valueName":"search_term_string"}}],"inLanguage":"fr-FR"}]}},"jetpack_sharing_enabled":true,"_links":{"self":[{"href":"https:\/\/lou-anne.my-secu.link\/index.php\/wp-json\/wp\/v2\/pages\/2","targetHints":{"allow":["GET"]}}],"collection":[{"href":"https:\/\/lou-anne.my-secu.link\/index.php\/wp-json\/wp\/v2\/pages"}],"about":[{"href":"https:\/\/lou-anne.my-secu.link\/index.php\/wp-json\/wp\/v2\/types\/page"}],"author":[{"embeddable":true,"href":"https:\/\/lou-anne.my-secu.link\/index.php\/wp-json\/wp\/v2\/users\/1"}],"replies":[{"embeddable":true,"href":"https:\/\/lou-anne.my-secu.link\/index.php\/wp-json\/wp\/v2\/comments?post=2"}],"version-history":[{"count":5,"href":"https:\/\/lou-anne.my-secu.link\/index.php\/wp-json\/wp\/v2\/pages\/2\/revisions"}],"predecessor-version":[{"id":110,"href":"https:\/\/lou-anne.my-secu.link\/index.php\/wp-json\/wp\/v2\/pages\/2\/revisions\/110"}],"wp:attachment":[{"href":"https:\/\/lou-anne.my-secu.link\/index.php\/wp-json\/wp\/v2\/media?parent=2"}],"curies":[{"name":"wp","href":"https:\/\/api.w.org\/{rel}","templated":true}]}}